e the first derivative of -4*x**2 - 4*x - 8. List the prime factors of p(-3).
2, 5
Let a(f) = 6*f**2 + 8*f + 1. Let i be a(-4). Let t(c) = 35*c + 1. Let m be t(-1). Let o = i + m. What are the prime factors of o?
31
Suppose s + 5*h - 459 = 4*h, 0 = -3*h - 3. What are the prime factors of s?
2, 5, 23
Let l(v) = -19*v**3 - 10*v**2 - v - 37. What are the prime factors of l(-5)?
7, 13, 23
Let o(q) = q**2 + 6*q - 14. Let s be o(-6). List the prime factors of 360/14 - 4/s.
2, 13
Let j(u) = 26*u - 13*u - 2*u**2 + 24*u**3 - 7*u - 8. What are the prime factors of j(2)?
2, 47
Suppose 150*g = 135*g + 21015. What are the prime factors of g?
3, 467
Suppose -3*i - 4*x = -34, 2 = -3*i - 2*x + 7*x. What are the prime factors of (i - 3 - 4) + 111?
2, 5, 11
List the prime factors of -87 - -89 - (-4171)/1.
3, 13, 107
What are the prime factors of (-12 - (-559 - -5)) + -12?
2, 5, 53
Let c(x) = -37*x - 87. What are the prime factors of c(-12)?
3, 7, 17
Let c(r) be the third derivative of -r**6/120 - 11*r**5/60 - 7*r**4/12 - 2*r**3 - r**2. Let x = 142 + -152. What are the prime factors of c(x)?
2, 7
Let x be 122/(-6) - (-5)/15. Let q be (2/(-5))/((-4)/x). List the prime factors of (-19)/q - (-2)/4.
2, 5
Suppose -8*p + 3*p + 15 = 0. Suppose -p*n + 104 = -n. Suppose n + 198 = 5*f. List the prime factors of f.
2, 5
Suppose 5*h - 267 = 93. What are the prime factors of h?
2, 3
Suppose 4*h + 46 - 16 = 5*p, 5*p + 3*h = 30. Let s(f) = f**2 - 6*f + 2. Let o be s(p). Suppose -o*u + 22 = -0*u. List the prime factors of u.
11
Suppose -29*m + 6450 = -14*m. List the prime factors of m.
2, 5, 43
Let w(t) = -t**2 + 11*t + 3. Let r be w(11). Suppose -2*o - 68 = -2*u, -u = -r*u - 3*o + 53. List the prime factors of u.
31
Let p be (56/(-6))/(12/288). Let u = -154 - p. What are the prime factors of (u/4)/((-10)/(-20))?
5, 7
Let h(n) = -5*n - 9. Let f be h(4). Let t = f - -42. What are the prime factors of t?
13
Let x = 504 + 2. List the prime factors of (-9)/18 + x/4.
2, 3, 7
What are the prime factors of (-12)/(-1)*60/54*12?
2, 5
Let t(a) = 2*a - 16. Let b be t(9). Suppose b*g + 5*g = 28. Suppose g*c = 95 - 11. List the prime factors of c.
3, 7
Let t(w) = -w**3 - 10*w**2 - 9*w + 27. What are the prime factors of t(-12)?
3, 47
Let c(w) = 26*w**2 + 5. List the prime factors of c(-7).
1279
Suppose -2*h + 266 = -862. Let v be (10/4)/(6/h). Suppose 0 = -3*w - 2*w + v. What are the prime factors of w?
47
Let t(b) = 5*b - 3. Let w(j) = -j. Let u(q) = t(q) + 2*w(q). Let d be u(2). Suppose d*z = 2*z + 5. List the prime factors of z.
5
Let n be (-3)/2*(2 - 1 - 3). Suppose -536 - 347 = -n*m + 4*u, -1152 = -4*m - u. List the prime factors of m.
17
Suppose -2130 = 17*x - 12415. What are the prime factors of x?
5, 11
Suppose 6*z + 132 = 9*z. Let o = -24 + z. List the prime factors of o.
2, 5
Suppose 0 = -5*o - 2*w + 3446, o + 4*w - 422 - 260 = 0. List the prime factors of o.
2, 3, 5, 23
Let a = 18517 + -12437. List the prime factors of a.
2, 5, 19
List the prime factors of (-7031)/(-9) - -5 - 4/18.
2, 3, 131
Let k = -11 + 7. Let p be 42/9*6/2. Let b = p - k. What are the prime factors of b?
2, 3
Suppose -5*s + 0 + 10 = 0, 3*d - 637 = -5*s. What are the prime factors of d?
11, 19
Let i(h) = -41*h**3 + 2*h + 1. What are the prime factors of i(-1)?
2, 5
Let l be -1 + (0 - -1) - -17. Suppose l*n = 13*n + 920. Suppose 5*r = -5*t + n, -222 = -4*t - t - 3*r. What are the prime factors of t?
2, 3, 7
What are the prime factors of (((-8656)/(-6))/(-4))/((-66)/99)?
541
List the prime factors of (-63)/(-147) + (-27354)/(-21).
1303
Let p = 0 + 4. Suppose -9*a + 245 = -p*a. List the prime factors of a.
7
Let d(y) = -y**2 + 22*y - 40. Let c be d(20). Suppose 99 = 3*b - 0*b + 5*u, -2*b + 3*u + 66 = c. List the prime factors of b.
3, 11
Let c(h) = 26*h**2 + 11*h + 11. List the prime factors of c(-3).
2, 53
Let h(o) = o**2. Let s be h(-3). Suppose -s*w + 16 = -7*w. What are the prime factors of w?
2
Let f be 1062/(-33) - ((-9)/(-11) + -1). List the prime factors of ((606/8)/1)/((-8)/f).
3, 101
Let z(d) = d**3 - 12*d**2 + 13*d - 16. Let f be z(11). Suppose f = 2*u, -4*p + 0*u + 329 = -u. What are the prime factors of p?
83
Let g be (-3 + 7)*3/(-6). Let l be g/6 - 826/6. List the prime factors of (16/(-24))/(4/l).
23
Let y(j) = 2*j + 4. Let n be y(-2). Suppose 2*h + 10 = 0, -3*a + 99 = -n*a - 3*h. What are the prime factors of a?
2, 7
Let c(k) = -44*k + 288. List the prime factors of c(-21).
2, 3, 101
Suppose -5*z + 1 + 9 = 0. Suppose 0 = 2*y + 4, 0*y - y - 188 = -z*u. What are the prime factors of u?
3, 31
Suppose 0 = -0*f - 3*f + 39. Suppose -3*l - 4*l + 133 = 0. Let v = l - f. List the prime factors of v.
2, 3
What are the prime factors of (-10)/20 - 1335/(-6)?
2, 3, 37
Let k be 106 - (2 - (7 - 3)). Let x be 1/(3/(k/3)). Suppose x - 5 = r. List the prime factors of r.
7
Suppose -25*v + 14*v + 5027 = 0. What are the prime factors of v?
457
Suppose -3*i = -i - 142. Suppose -s - 3 + i = 0. Suppose -5*q - 3*c + 2*c = -153, 2*q - 3*c = s. What are the prime factors of q?
31
Suppose -509 = -5*r + 131. What are the prime factors of r?
2
Let t be 189/(-15) - 2/5. Let s = -65 - -54. Let w = s - t. What are the prime factors of w?
2
Suppose -3821 + 84406 = 71*s. What are the prime factors of s?
5, 227
Let z be 3/2*(-2010)/(-45). Let k = z - 1. List the prime factors of k.
2, 3, 11
Let x(n) = n**3 + 6*n**2 - 9*n**2 + 50*n - 8*n**2 - 40*n + 2. List the prime factors of x(11).
2, 7
Suppose -5*x + 10 + 25 = 0. Suppose 2*g = x*g - 165. What are the prime factors of g?
3, 11
List the prime factors of -6*-1*(-1089)/(-18).
3, 11
Let l be (-8)/3*1*3. Let a be (-1)/(12/l + 2). What are the prime factors of (a/(-6))/((-10)/(-690))?
23
Let z = 18 + -8. Suppose -2*n = -4*n + z. What are the prime factors of n?
5
List the prime factors of (4 - 8 - 0) + 532.
2, 3, 11
Let t(m) = 6*m - 5. Suppose 35 = -2*g + 95. Suppose g = -2*w + 6*w + y, 26 = 4*w - y. What are the prime factors of t(w)?
37
Let n(u) be the first derivative of -u**4/4 + 14*u**3/3 - 9*u**2 + 20*u - 37. What are the prime factors of n(6)?
2, 5
Suppose -3332 = -21*q + 4*q. List the prime factors of q.
2, 7
What are the prime factors of ((-7965)/118)/((-6)/64)?
2, 3, 5
Let t be 12/(-70)*-7*(-20)/(-6). Suppose 0 = 8*m - 6*m - t*x - 160, -356 = -4*m - x. What are the prime factors of m?
2, 11
Suppose -5*t + 1823 = -u + 6821, -5*t = 3*u - 14914. List the prime factors of u.
2, 19, 131
Let u(p) = 51*p. Suppose 3 = -4*r + 3*j - 2, 0 = -3*r + 5*j + 10. Let l be u(r). List the prime factors of (0 + 6)*l/(-30).
3, 17
Let s = 2949 + -1912. What are the prime factors of s?
17, 61
Let w(k) be the second derivative of -3*k**5/20 + k**4/3 - k**3 - 2*k**2 + 7*k. Let s be w(3). Let x = s + 143. List the prime factors of x.
2, 19
Let m = -11 - -13. Suppose m*a = -2*a. Suppose n + 3*n - 96 = a. List the prime factors of n.
2, 3
Let a(c) = c**2 + 32*c + 35. What are the prime factors of a(-53)?
2, 7, 41
Let r(l) = -5*l + 14*l**2 - 4 - 8 - l**3 - 8 + 0*l. List the prime factors of r(13).
2, 3, 7
What are the prime factors of 6/(((-1)/1)/(-8 - 5))?
2, 3, 13
Suppose 0 = 4*u + 4*y - 176, -160 = -4*u - 34*y + 38*y. List the prime factors of u.
2, 3, 7
Let l be ((-4527)/(-3))/(-3) - (2 - 3). Let u = 735 + l. What are the prime factors of u?
233
Suppose -15 = -2*o - 7. Suppose 0 = r - 6*r - 2*q + 380, -o*q = 4*r - 304. List the prime factors of r.
2, 19
Let l = 286 - 72. What are the prime factors of l?
2, 107
Let i(b) = 93*b - 13. What are the prime factors of i(5)?
2, 113
Suppose -2679 = -3*c + 2094. What are the prime factors of c?
37, 43
Let a = 28 - -54. Let t(o) = 2*o**3 - 4*o**2 + 2*o. Let q be t(2). List the prime factors of a/7 - q/(-14).
2, 3
Suppose -2*v - 11 + 37 = 0. Suppose -3*q - 2 - 1 = 0, w + 5*q - v = 0. List the prime factors of w.
2, 3
Suppose a - 2*j = 238, -j = -4*a + 3*j + 964. Let o = a + -169. Suppose 5*t = o - 10. What are the prime factors of t?
13
Suppose 0 = -0*k + k - 3333. What are the prime factors of k?
3, 11, 101
Let h = 3933 + -1636. What are the prime factors of h?
2297
Suppose 0 = 51*x - 50*x - 1061. What are the prime factors of x?
1061
Let l(f) = f + 256. What are the prime factors of l(-7)?
3, 83
Let m(g) = -9*g**2 + g**3 + 4*g**3 - 12 + 6*g - 4*g**3 - 4*g.